e
Does 79 divide 154521?
False
Is 1432935 a multiple of 12?
False
Is 521 a factor of 1734930?
True
Is 3 a factor of 9177?
True
Does 5 divide 16280?
True
Is 19069391 a multiple of 2169?
False
Does 8 divide 328572?
False
Is 3483198 a multiple of 369?
False
Does 654 divide 1893472?
False
Is 1076490 a multiple of 18?
True
Is 274142 a multiple of 354?
False
Does 86 divide 666472?
False
Is 117975 a multiple of 15?
True
Is 19 a factor of 162100?
False
Is 722060 a multiple of 1009?
False
Does 14 divide 4581150?
True
Is 1187176 a multiple of 31?
True
Does 141 divide 202867?
False
Does 634 divide 80451?
False
Does 25 divide 229620?
False
Is 651888 a multiple of 162?
True
Does 61 divide 2196?
True
Does 64 divide 511360?
True
Does 766 divide 1178108?
True
Does 22 divide 25344?
True
Is 44 a factor of 22264?
True
Is 4632394 a multiple of 44?
False
Is 25 a factor of 6570925?
True
Is 2 a factor of 546723?
False
Is 8 a factor of 6392?
True
Is 3936128 a multiple of 16?
True
Does 54 divide 1806192?
True
Is 1718257 a multiple of 15?
False
Is 13 a factor of 486577?
True
Is 98 a factor of 74452?
False
Does 365 divide 3744900?
True
Is 12 a factor of 580320?
True
Does 405 divide 5083560?
True
Does 19 divide 11896470?
True
Is 7522606 a multiple of 411?
False
Is 129 a factor of 193371?
True
Does 282 divide 40992?
False
Is 10929940 a multiple of 17?
False
Is 185 a factor of 155113?
False
Is 641568 a multiple of 5?
False
Is 2448166 a multiple of 161?
True
Is 26112 a multiple of 9?
False
Is 10 a factor of 968250?
True
Is 884256 a multiple of 732?
True
Does 24 divide 8065416?
True
Does 4 divide 11674?
False
Does 9 divide 271103?
False
Is 12 a factor of 60418?
False
Is 363 a factor of 58443?
True
Does 11 divide 7150758?
False
Does 342 divide 5563647?
False
Does 3 divide 11800?
False
Is 29120 a multiple of 20?
True
Does 255 divide 1837150?
False
Is 557550 a multiple of 70?
True
Does 9 divide 11187?
True
Does 3 divide 106803?
True
Does 62 divide 836008?
True
Is 851 a factor of 1720131?
False
Does 22 divide 614702?
True
Is 49 a factor of 80164?
True
Is 57138 a multiple of 321?
True
Is 92162 a multiple of 188?
False
Is 3024878 a multiple of 86?
True
Does 1045 divide 23100770?
True
Is 3160992 a multiple of 29?
False
Is 23 a factor of 995026?
True
Is 36 a factor of 381796?
False
Is 1491552 a multiple of 6?
True
Is 74 a factor of 172790?
True
Is 244 a factor of 13198204?
True
Is 704789 a multiple of 4?
False
Does 57 divide 199876?
False
Is 3621023 a multiple of 47?
False
Is 779 a factor of 5088100?
False
Does 76 divide 675169?
False
Does 37 divide 169238?
True
Is 5 a factor of 894938?
False
Does 75 divide 9655275?
True
Is 78526 a multiple of 79?
True
Does 478 divide 142302?
False
Is 339 a factor of 6193191?
True
Is 6938454 a multiple of 158?
False
Is 57297 a multiple of 345?
False
Is 918562 a multiple of 411?
False
Does 70 divide 206735?
False
Is 17 a factor of 58361?
True
Is 51588 a multiple of 12?
True
Is 31 a factor of 73005?
True
Is 14321818 a multiple of 426?
False
Is 98280 a multiple of 24?
True
Is 528 a factor of 28832?
False
Is 8 a factor of 257624?
True
Is 37 a factor of 5727366?
False
Does 22 divide 5676072?
False
Is 50225 a multiple of 3?
False
Is 333 a factor of 6368942?
False
Is 1274598 a multiple of 7?
False
Does 114 divide 347244?
True
Is 20 a factor of 7335100?
True
Is 341145 a multiple of 57?
True
Is 8 a factor of 214048?
True
Is 14366499 a multiple of 7?
True
Is 1452208 a multiple of 323?
True
Is 11066790 a multiple of 21?
True
Is 222625 a multiple of 13?
True
Is 129023 a multiple of 9?
False
Does 23 divide 31503882?
True
Is 2883328 a multiple of 32?
True
Is 75 a factor of 7060895?
False
Is 2653870 a multiple of 37?
False
Does 10 divide 310860?
True
Is 7302459 a multiple of 394?
False
Is 6 a factor of 45601?
False
Is 115335 a multiple of 55?
True
Is 2345603 a multiple of 91?
False
Is 11 a factor of 254922?
False
Does 114 divide 134634?
True
Is 12 a factor of 1468845?
False
Is 6154182 a multiple of 12?
False
Is 2260890 a multiple of 15?
True
Is 94 a factor of 997728?
False
Is 103200 a multiple of 172?
True
Is 90275 a multiple of 39?
False
Is 292 a factor of 689912?
False
Is 13624560 a multiple of 1016?
True
Is 40 a factor of 2508680?
True
Is 1611620 a multiple of 26?
False
Is 353400 a multiple of 310?
True
Does 6 divide 107850?
True
Is 5896 a multiple of 134?
True
Is 1899943 a multiple of 17?
False
Is 26759 a multiple of 130?
False
Is 9 a factor of 62025?
False
Does 3 divide 908409?
True
Is 85 a factor of 154362?
False
Is 111 a factor of 472971?
True
Does 24 divide 691430?
False
Is 20 a factor of 1496180?
True
Is 329446 a multiple of 25?
False
Is 86 a factor of 4177278?
True
Is 420 a factor of 23520?
True
Does 143 divide 137639?
False
Is 1112238 a multiple of 143?
False
Is 866503 a multiple of 5?
False
Is 42450 a multiple of 35?
False
Is 118200 a multiple of 50?
True
Does 94 divide 520008?
True
Is 1968417 a multiple of 99?
True
Is 112414 a multiple of 60?
False
Does 45 divide 1568379?
False
Is 689 a factor of 174317?
True
Is 98 a factor of 404152?
True
Is 149 a factor of 1585062?
True
Does 81 divide 28674?
True
Does 260 divide 875075?
False
Does 25 divide 11775?
True
Is 182608 a multiple of 546?
False
Does 38 divide 33789?
False
Is 833653 a multiple of 14?
False
Is 16 a factor of 1384320?
True
Does 6 divide 21028?
False
Is 330616 a multiple of 104?
True
Is 173508 a multiple of 38?
True
Does 15 divide 205335?
True
Is 31 a factor of 93248?
True
Is 222680 a multiple of 533?
False
Is 19262 a multiple of 41?
False
Is 8 a factor of 410816?
True
Is 255488 a multiple of 84?
False
Is 28 a factor of 632991?
False
Does 41 divide 808863?
False
Is 64900 a multiple of 8?
False
Is 7336381 a multiple of 19?
False
Is 5343157 a multiple of 6?
False
Does 26 divide 18613478?
True
Is 20 a factor of 333042?
False
Is 275 a factor of 3901975?
True
Is 1122322 a multiple of 16?
False
Does 253 divide 114609?
True
Is 516 a factor of 1333344?
True
Is 70 a factor of 1578500?
True
Does 1155 divide 6183870?
True
Does 9 divide 1710323?
False
Is 12 a factor of 295116?
True
Is 5 a factor of 1327825?
True
Is 1010825 a multiple of 12?
False
Is 3472633 a multiple of 8?
False
Is 884 a multiple of 3?
False
Is 32 a factor of 2238112?
True
Is 14966688 a multiple of 16?
True
Is 59235 a multiple of 33?
True
Does 28 divide 24582012?
True
Does 32 divide 85301?
False
Is 135330 a multiple of 30?
True
Is 6 a factor of 151642?
False
Is 31 a factor of 113956?
True
Does 3 divide 58223?
False
Does 80 divide 1120?
True
Is 56124 a multiple of 18?
True
Is 491565 a multiple of 15?
True
Does 36 divide 29988?
True
Is 257892 a multiple of 34?
False
Does 1199 divide 932910?
False
Is 41 a factor of 7656873?
True
Is 44 a factor of 1013032?
False
Is 1406 a factor of 1046560?
False
Is 6 a factor of 83030?
False
Is 53070 a multiple of 7?
False
Is 16 a factor of 4364784?
True
Is 29 a factor of 48841?
False
Does 97 divide 3575140?
False
Is 75 a factor of 23325?
True
Is 41 a factor of 77859?
True
Is 742026 a multiple of 36?
False
Does 274 divide 3805312?
True
Does 227 divide 77350?
False
Is 103 a factor of 58702?
False
Is 51 a factor of 813093?
True
Is 430540 a multiple of 69?
False
Does 553 divide 119448?
True
Does 39 divide 184740?
False
Does 46 divide 73876?
True
Is 25 a factor of 345144?
False
Does 146 divide 226137?
False
Does 11 divide 4642?
True
Is 272874 a multiple of 146?
True
Is 48 a factor of 4895424?
True
Does 193 divide 477289?
True
Is 209700 a multiple of 450?
True
Is 15710 even?
True
Is 238 a factor of 1788106?
False
Does 9 divide 169158?
False
Is 40968 a multiple of 2?
True
Is 10 a factor of 1217822?
False
Does 282 divide 1528722?
True
Is 114492 a multiple of 210?
False
Is 11 a factor of 5576076?
True
Is 35 a factor of 1661940?
True
Does 250 divide 156250?
True
Is 911265 a multiple of 237?
True
Is 26230 a multiple of 122?
True
Is 113232 a multiple of 42?
True
Is 22 a factor of 11286?
True
Is 19 a factor of 1058910?
False
Is 30334 a multiple of 58?
True
Is 1656 a factor of 11702929?
False
Is 6085202 a multiple of 1094?
False
Is 329814 a multiple of 438?
True
Is 94060 a multiple of 69?
False
Is 607134 a multiple of 203?
False
Is 144 a factor of 124931?
False
Does 41 divide 159285?
True
Is 385 a factor of 411438?
